{"id":259,"date":"2022-12-25T15:59:04","date_gmt":"2022-12-25T15:59:04","guid":{"rendered":"https:\/\/nature.info.pl\/?page_id=259"},"modified":"2022-12-25T17:30:11","modified_gmt":"2022-12-25T17:30:11","slug":"ekspertyzy-przyrodnicze","status":"publish","type":"page","link":"https:\/\/nature.info.pl\/?page_id=259","title":{"rendered":"Ekspertyzy przyrodnicze"},"content":{"rendered":"\t\t<div data-elementor-type=\"wp-page\" data-elementor-id=\"259\" class=\"elementor elementor-259\" data-elementor-settings=\"[]\">\n\t\t\t\t\t\t\t<div class=\"elementor-section-wrap\">\n\t\t\t\t\t\t\t<section class=\"elementor-section elementor-top-section elementor-element elementor-element-4e03f552 elementor-section-boxed elementor-section-height-default elementor-section-height-default\" data-id=\"4e03f552\" data-element_type=\"section\">\n\t\t\t\t\t\t<div class=\"elementor-container elementor-column-gap-default\">\n\t\t\t\t\t<div class=\"elementor-column elementor-col-100 elementor-top-column elementor-element elementor-element-5eaca252\" data-id=\"5eaca252\" data-element_type=\"column\">\n\t\t\t<div class=\"elementor-widget-wrap elementor-element-populated\">\n\t\t\t\t\t\t\t\t<div class=\"elementor-element elementor-element-24002059 elementor-widget elementor-widget-text-editor\" data-id=\"24002059\" data-element_type=\"widget\" data-widget_type=\"text-editor.default\">\n\t\t\t\t<div class=\"elementor-widget-container\">\n\t\t\t<style>\/*! elementor - v3.5.5 - 03-02-2022 *\/\n.elementor-widget-text-editor.elementor-drop-cap-view-stacked .elementor-drop-cap{background-color:#818a91;color:#fff}.elementor-widget-text-editor.elementor-drop-cap-view-framed .elementor-drop-cap{color:#818a91;border:3px solid;background-color:transparent}.elementor-widget-text-editor:not(.elementor-drop-cap-view-default) .elementor-drop-cap{margin-top:8px}.elementor-widget-text-editor:not(.elementor-drop-cap-view-default) .elementor-drop-cap-letter{width:1em;height:1em}.elementor-widget-text-editor .elementor-drop-cap{float:left;text-align:center;line-height:1;font-size:50px}.elementor-widget-text-editor .elementor-drop-cap-letter{display:inline-block}<\/style>\t\t\t\t<!-- wp:paragraph {\"fontSize\":\"huge\"} -->\n<p class=\"has-huge-font-size\">Ekspertyzy przyrodnicze<\/p>\n<!-- \/wp:paragraph -->\n\n<!-- wp:paragraph -->\n<p>W trakcie wielu dzia\u0142a\u0144, zwi\u0105zanych z budow\u0105, przebudow\u0105, remontem, termoizolacj\u0105 budynk\u00f3w zachodzi konieczno\u015b\u0107, przed rozpocz\u0119ciem prac dokonania ekspertyzy ornitologicznej a nierzadko tak\u017ce chiropterologicznej. Wiele gatunk\u00f3w ptak\u00f3w i nietoperzy zasiedla budynki &#8211; w trakcie prowadzenia prac nie wolno jest, pod gro\u017ab\u0105 odpowiedzialno\u015bci karnej doprowadzi\u0107 do zniszczenia gniazd, jaj, piskl\u0105t czy te\u017c zabicia zwierz\u0105t.<\/p>\n<!-- \/wp:paragraph -->\n\n<!-- wp:paragraph -->\n<p>Zgodnie z Rozporz\u0105dzeniem Ministra \u015arodowiska z dnia 16 grudnia 2016 roku, dotycz\u0105cym ochrony gatunkowej zwierz\u0105t (Dz.U. 2016.2183), Rozporz\u0105dzeniem Ministra \u015arodowiska z dnia 9 pa\u017adziernika 2014 roku, w sprawie ochrony gatunkowej ro\u015blin, a tak\u017ce ustawa o udzielaniu informacji o \u015brodowisku i jego ochronie, udziale spo\u0142ecze\u0144stwa w ochronie \u015brodowiska i o ocenach oddzia\u0142ywania na \u015brodowisko (Dz.U. 2020 poz. 283), <strong>sporz\u0105dzanie inwentaryzacji przyrodniczej jest obowi\u0105zkowe<\/strong>.<\/p>\n<!-- \/wp:paragraph -->\n\n<!-- wp:paragraph {\"align\":\"center\"} -->\n<p class=\"has-text-align-center\"><img loading=\"lazy\" decoding=\"async\" width=\"550\" height=\"392\" class=\"wp-image-270\" style=\"width: 550px;\" src=\"http:\/\/nature.info.pl\/wp-content\/uploads\/2022\/12\/jerzykiJST_4522-scaled.jpg\" alt=\"\" srcset=\"https:\/\/nature.info.pl\/wp-content\/uploads\/2022\/12\/jerzykiJST_4522-scaled.jpg 2560w, https:\/\/nature.info.pl\/wp-content\/uploads\/2022\/12\/jerzykiJST_4522-300x214.jpg 300w, https:\/\/nature.info.pl\/wp-content\/uploads\/2022\/12\/jerzykiJST_4522-1024x730.jpg 1024w, https:\/\/nature.info.pl\/wp-content\/uploads\/2022\/12\/jerzykiJST_4522-768x548.jpg 768w, https:\/\/nature.info.pl\/wp-content\/uploads\/2022\/12\/jerzykiJST_4522-1536x1095.jpg 1536w, https:\/\/nature.info.pl\/wp-content\/uploads\/2022\/12\/jerzykiJST_4522-2048x1460.jpg 2048w\" sizes=\"auto, (max-width: 550px) 100vw, 550px\" \/><\/p>\n<!-- \/wp:paragraph -->\n\n<!-- wp:paragraph {\"align\":\"left\"} -->\n<p class=\"has-text-align-left\">Przed rozpocz\u0119ciem prac nale\u017cy sprawdzi\u0107 budynek\/budynki i okre\u015bli\u0107, jakie gatunki wykorzystuj\u0105 tak\u0105 nieruchomo\u015b\u0107 i jakie s\u0105 mo\u017cliwo\u015bci i terminy prowadzenia zaplanowanych prac budowlanych.<\/p>\n<!-- \/wp:paragraph -->\n\n<!-- wp:paragraph {\"align\":\"right\"} -->\n<p class=\"has-text-align-right\"><img loading=\"lazy\" decoding=\"async\" width=\"550\" height=\"464\" class=\"wp-image-266\" style=\"width: 550px;\" src=\"http:\/\/nature.info.pl\/wp-content\/uploads\/2022\/12\/Drzewo-wycinka.jpg\" alt=\"\" srcset=\"https:\/\/nature.info.pl\/wp-content\/uploads\/2022\/12\/Drzewo-wycinka.jpg 1522w, https:\/\/nature.info.pl\/wp-content\/uploads\/2022\/12\/Drzewo-wycinka-300x253.jpg 300w, https:\/\/nature.info.pl\/wp-content\/uploads\/2022\/12\/Drzewo-wycinka-1024x864.jpg 1024w, https:\/\/nature.info.pl\/wp-content\/uploads\/2022\/12\/Drzewo-wycinka-768x648.jpg 768w\" sizes=\"auto, (max-width: 550px) 100vw, 550px\" \/><\/p>\n<!-- \/wp:paragraph -->\n\n<!-- wp:paragraph -->\n<p>Ekspertyzy przyrodnicze sporz\u0105dza si\u0119 tak\u017ce w przypadku prowadzenia wycinki drzew w czasie sezonu l\u0119gowego ptak\u00f3w &#8211; ten termin to 1 marca &#8211; 15 pa\u017adziernika<\/p>\n<!-- \/wp:paragraph -->\n\n<!-- wp:paragraph -->\n<p>Koszt sporz\u0105dzenia takiego dokumentu zale\u017cy od tak wielu czynnik\u00f3w, \u017ce nie spos\u00f3b go okre\u015bli\u0107 bez znajomo\u015bci konkretnego przypadku. Zapraszamy do kontaktu! <\/p>\n<!-- \/wp:paragraph -->\t\t\t\t\t\t<\/div>\n\t\t\t\t<\/div>\n\t\t\t\t\t<\/div>\n\t\t<\/div>\n\t\t\t\t\t\t\t<\/div>\n\t\t<\/section>\n\t\t\t\t\t\t<\/div>\n\t\t\t\t\t<\/div>\n\t\t","protected":false},"excerpt":{"rendered":"<p>Ekspertyzy przyrodnicze W trakcie wielu dzia\u0142a\u0144, zwi\u0105zanych z budow\u0105, przebudow\u0105, remontem, termoizolacj\u0105 budynk\u00f3w zachodzi konieczno\u015b\u0107, przed rozpocz\u0119ciem prac dokonania ekspertyzy ornitologicznej a nierzadko tak\u017ce chiropterologicznej. Wiele gatunk\u00f3w ptak\u00f3w i nietoperzy<\/p>\n<p class=\"more-link\"><a href=\"https:\/\/nature.info.pl\/?page_id=259\" class=\"readmore\">Continue reading<svg class=\"icon icon-arrow-right\" aria-hidden=\"true\" role=\"img\"> <use href=\"#icon-arrow-right\" xlink:href=\"#icon-arrow-right\"><\/use> <\/svg><span class=\"screen-reader-text\">Ekspertyzy przyrodnicze<\/span><\/a><\/p>\n","protected":false},"author":1,"featured_media":249,"parent":0,"menu_order":0,"comment_status":"closed","ping_status":"closed","template":"elementor_header_footer","meta":{"footnotes":""},"class_list":["post-259","page","type-page","status-publish","has-post-thumbnail","hentry"],"_links":{"self":[{"href":"https:\/\/nature.info.pl\/index.php?rest_route=\/wp\/v2\/pages\/259","targetHints":{"allow":["GET"]}}],"collection":[{"href":"https:\/\/nature.info.pl\/index.php?rest_route=\/wp\/v2\/pages"}],"about":[{"href":"https:\/\/nature.info.pl\/index.php?rest_route=\/wp\/v2\/types\/page"}],"author":[{"embeddable":true,"href":"https:\/\/nature.info.pl\/index.php?rest_route=\/wp\/v2\/users\/1"}],"replies":[{"embeddable":true,"href":"https:\/\/nature.info.pl\/index.php?rest_route=%2Fwp%2Fv2%2Fcomments&post=259"}],"version-history":[{"count":14,"href":"https:\/\/nature.info.pl\/index.php?rest_route=\/wp\/v2\/pages\/259\/revisions"}],"predecessor-version":[{"id":278,"href":"https:\/\/nature.info.pl\/index.php?rest_route=\/wp\/v2\/pages\/259\/revisions\/278"}],"wp:featuredmedia":[{"embeddable":true,"href":"https:\/\/nature.info.pl\/index.php?rest_route=\/wp\/v2\/media\/249"}],"wp:attachment":[{"href":"https:\/\/nature.info.pl\/index.php?rest_route=%2Fwp%2Fv2%2Fmedia&parent=259"}],"curies":[{"name":"wp","href":"https:\/\/api.w.org\/{rel}","templated":true}]}}